ive y(22).
-41
Let h(m) = 2*m**3 - m**2 - 167. What is h(0)?
-167
Let w(m) = m**3 + 15*m**2 + 8*m - 86. Calculate w(-14).
-2
Let n(c) = 25*c**2 - 20*c - 88. Determine n(-5).
637
Let m(x) = -635*x + 9586. What is m(15)?
61
Let f(m) = 2*m**2 - 22*m - 12. Determine f(10).
-32
Let b(d) = -2*d**3 + 97*d**2 - 146*d + 194. Give b(47).
-41
Let h(n) = n**2 - 10*n + 70. Give h(6).
46
Let x(r) = -r**3 - 29*r**2 - 140*r + 24. Calculate x(-6).
36
Let w(x) = 73*x**2 + 365*x - 12. Determine w(-5).
-12
Let h(j) = -j**3 + 13*j**2 - 17*j - 10. What is h(8)?
174
Let s(o) = -4*o**3 + 16*o**2 + o. What is s(4)?
4
Let g(u) = -2*u**3 - 88*u**2 + 489*u - 13. Calculate g(5).
-18
Let v(x) = x**3 + 73*x**2 - 34*x - 7555. Give v(-72).
77
Let b(z) = 21*z + 143. Determine b(-8).
-25
Let v(s) = 59*s + 5098. What is v(-87)?
-35
Let a(b) = 24*b - 1358. What is a(56)?
-14
Let j(n) = -n**3 + 15*n**2 - 16*n + 22. Determine j(14).
-6
Let b(q) = 61*q + 1156. What is b(-19)?
-3
Let q(p) = 621*p + 3489. What is q(-6)?
-237
Let j(n) = n**3 + 33*n**2 + 31*n - 77. Give j(-32).
-45
Let c(v) = 8*v**2 - 16*v - 1124. What is c(13)?
20
Let u(c) = -2*c**3 + 10*c**2 + 121*c - 674. Give u(6).
-20
Let x(d) = 6*d**3 + 2*d**2 - 10*d + 8. Determine x(1).
6
Let n(u) = -130*u**3 + 2*u**2 + 10*u - 13. Give n(1).
-131
Let t(z) = -3*z**2 + 95*z - 374. Determine t(27).
4
Let u(g) = g**3 - 141*g**2 + 548*g + 197. Determine u(137).
197
Let z(b) = -2757*b + 35860. Give z(13).
19
Let l(u) = 2*u**2 - 6*u + 171. Determine l(10).
311
Let d(r) = -87*r - 1399. Determine d(-16).
-7
Let r(p) = p**3 - 21*p**2 + 53*p. Determine r(3).
-3
Let g(v) = -21*v**2 - 64*v + 9. Calculate g(-3).
12
Let j(o) = 381*o - 6437. Calculate j(17).
40
Let j(w) = -8*w**2 - 641*w - 38. Determine j(-80).
42
Let k(y) = 2*y**2 + 5*y - 32. Determine k(-5).
-7
Let w(r) = -r**2 - 20*r - 25. What is w(-10)?
75
Let d(c) = -c**3 + 25*c**2 + 153*c - 74. Calculate d(30).
16
Let s(y) = -4*y - 266. Calculate s(-54).
-50
Let t(k) = k**2 + 10*k - 78. What is t(-10)?
-78
Let l(j) = 2*j**3 - 23*j**2 - 43*j + 4. What is l(13)?
-48
Let v(n) = -162*n + 1783. What is v(11)?
1
Let z(x) = 4*x**3 + 98*x**2 + 48*x + 22. Determine z(-24).
22
Let g(u) = 3*u**2 + 104*u + 332. Calculate g(-31).
-9
Let t(x) = x**2 + 30*x - 721. Determine t(-43).
-162
Let j(q) = q**3 + 5*q**2 - 5*q - 29. Give j(-4).
7
Let i(u) = -2*u**3 + 24*u**2 - 19. What is i(12)?
-19
Let j(v) = -199*v + 191. Determine j(1).
-8
Let z(c) = -9*c**2 + 588*c - 588. Determine z(1).
-9
Let b(w) = 6*w - 62. Give b(26).
94
Let k(g) = -g**3 - 10*g**2 - 13*g + 59. Determine k(-8).
35
Let c(b) = -b**2 + 3075*b + 15402. Calculate c(-5).
2
Let b(d) = d**2 - 23*d - 18. Determine b(5).
-108
Let a(i) = -41*i - 175. Give a(-7).
112
Let k(q) = 120*q - 30595. What is k(255)?
5
Let t(z) = 3*z**2 + 27*z - 132. Calculate t(4).
24
Let n(s) = s**2 + 163*s - 1934. What is n(11)?
-20
Let l(k) = -383*k + 12. What is l(1)?
-371
Let q(i) = i**3 + 3*i**2 - 4*i + 1. Calculate q(-4).
1
Let j(o) = -o**3 - 4*o**2 + 23*o + 75. Determine j(-6).
9
Let v(n) = -n**2 - 29*n - 21. Give v(-30).
-51
Let u(x) = -1628*x - 11395. Give u(-7).
1
Let b(l) = -902*l - 905. Give b(-1).
-3
Let v(d) = 4*d**2 + 29*d - 24. What is v(-12)?
204
Let j(h) = h**3 + 16*h**2 + 32*h - 11. Calculate j(-10).
269
Let r(c) = -c**2 - 26*c + 172. What is r(5)?
17
Let i(r) = -138*r - 1557. Give i(-11).
-39
Let o(w) = -12*w**2 - 31*w - 35. What is o(6)?
-653
Let j(p) = -p**3 - 5*p**2 + 3*p + 8. Determine j(-5).
-7
Let l(v) = 8*v**2 + 4*v + 21. Calculate l(-5).
201
Let y(f) = -f**3 - 145*f**2 + 148*f + 293. Calculate y(-146).
1
Let s(b) = 23*b + 1515. Determine s(-80).
-325
Let o(j) = -2*j**3 - 11*j**2 + 8*j + 1. Give o(-6).
-11
Let h(w) = w**3 - 18*w**2 + 39*w - 17. Give h(13).
-355
Let a(o) = 3*o**2 - 181*o + 860. What is a(5)?
30
Let x(q) = -50*q + 880. Determine x(18).
-20
Let t(x) = -140*x + 788. Calculate t(6).
-52
Let p(q) = 7163*q + 21473. Calculate p(-3).
-16
Let j(a) = -3*a**2 - 219*a + 935. Determine j(4).
11
Let b(z) = -3*z**2 + 9*z + 54. Determine b(-4).
-30
Let w(j) = 3*j**2 - 7*j + 206. Give w(9).
386
Let s(m) = -34*m - 971. Determine s(-32).
117
Let s(r) = -11*r**3 + 4*r**2 + 72*r - 76. Determine s(1).
-11
Let c(g) = -g**2 - 13*g - 88. Give c(-12).
-76
Let a(j) = j**3 - 5*j**2 + 24*j - 36. Give a(3).
18
Let c(o) = -o**3 + 2*o**2 - 712*o + 2139. Give c(3).
-6
Let t(c) = 2*c**2 - 101*c - 14308. Determine t(-63).
-7
Let t(f) = -45*f + 198. Determine t(8).
-162
Let s(t) = -t**3 - 2*t**2 + 7*t + 8. What is s(7)?
-384
Let q(z) = z**3 - 20*z**2 + 6*z - 114. Give q(20).
6
Let w(o) = -o**2 - 32*o - 77. Calculate w(-18).
175
Let n(v) = 3*v**2 + 1347*v + 6720. Determine n(-5).
60
Let l(o) = 7*o + 59. Give l(-2).
45
Let n(r) = 5*r**3 - 297*r**2 - 188*r + 520. What is n(60)?
40
Let h(s) = s**2 - 4*s + 13. Determine h(3).
10
Let o(c) = 19*c + 1139. Give o(-61).
-20
Let x(f) = 80*f - 2395. Calculate x(30).
5
Let n(v) = 24*v - 27. Give n(3).
45
Let x(j) = -8*j**2 - 331*j - 68. Calculate x(-42).
-278
Let v(o) = 5*o**2 - 879*o - 4510. What is v(-5)?
10
Let o(x) = -155*x + 332. What is o(3)?
-133
Let x(k) = 2*k**3 + 32*k**2 + 124*k - 23. Calculate x(-7).
-9
Let j(a) = -17*a**2 - 51*a - 7. Determine j(-4).
-75
Let g(b) = -690*b + 1365. Give g(2).
-15
Let t(g) = -3*g**3 - 2*g**2 - 3*g + 6. Calculate t(0).
6
Let k(v) = 11*v**2 + 74*v - 84. Give k(1).
1
Let q(k) = 39*k**2 + 504*k - 45. What is q(-13)?
-6
Let b(f) = -3*f**2 - 90*f - 263. Calculate b(-3).
-20
Let j(d) = 42*d - 202. Determine j(5).
8
Let b(u) = 139*u + 6167. Determine b(-44).
51
Let p(l) = 2*l**3 + l**2 - 14*l - 20. Determine p(0).
-20
Let w(a) = 5*a - 247. Give w(49).
-2
Let w(n) = n**3 - 5*n**2 + 4*n - 13. Determine w(3).
-19
Let y(x) = -192*x - 24471. Give y(-127).
-87
Let n(t) = -198*t - 1787. Determine n(-9).
-5
Let q(r) = 2*r**2 + 3*r - 49. Determine q(0).
-49
Let i(t) = -85*t + 203. Calculate i(8).
-477
Let p(l) = 43*l + 307. What is p(-7)?
6
Let p(f) = -132*f + 17030. Determine p(129).
2
Let g(z) = z**2 + 7*z - 301. What is g(17)?
107
Let s(g) = -g**2 - 40*g + 812. Calculate s(12).
188
Let c(v) = v**3 - 160*v**2 + 1505*v - 750. What is c(150)?
0
Let z(o) = 2*o**2 - 119*o - 1444. Give z(-11).
107
Let b(u) = 10*u**3 + 3*u**2 + 7*u + 9. What is b(-2)?
-73
Let m(p) = -p**3 + 44*p**2 - 65*p - 856. Calculate m(42).
-58
Let b(w) = 63*w**3 + 2*w**2 - 3*w + 1. Determine b(1).
63
Let f(c) = -268*c - 6714. Calculate f(-25).
-14
Let o(w) = -36*w**2 + 297*w - 77. Give o(8).
-5
Let x(z) = 145*z + 429. Determine x(-3).
-6
Let d(w) = -18*w - 725. What is d(-50)?
175
Let w(a) = a**3 + 90*a**2 + 209*a + 2905. Give w(-88).
1
Let a(b) = 9629*b + 67401. Give a(-7).
-2
Let v(q) = 14*q**3 + 3*q - 66. Give v(0).
-66
Let t(r) = 30*r**2 - 250*r + 82. Determine t(8).
2
Let z(m) = 9*m - 449. What is z(47)?
-26
Let n(v) = -v**2 - 35*v + 241. Calculate n(-34).
275
Let v(r) = 127*r - 1772. What is v(14)?
6
Let y(w) = 4*w**2 - 122*w - 382. What is y(-3)?
20
Let l(b) = 6*b + 223. Calculate l(-21).
97
Let x(p) = 1736*p - 19114. Give x(11).
-18
Let d(l) = 60*l + 1716. What is d(-29)?
-24
Let u(d) = 24*d**2 - 123*d + 21. Calculate u(6).
147
Let r(x) = -609*x - 3849. Determine r(-6).
-195
Let z(n) = -3*n**3 - 84*n**2 - 78*n + 78. What is z(-27)?
-3
Let u(v) = -v**2 + 3*v + 5. What is u(-3)?
-13
Let q(v) = -v**2 + 86*v - 1736. Calculate q(32).
-8
Let g(b) = 17*b - 841. Determine g(53).
60
Let c(i) = 2*i**3 + 5*i**2 - 4. Give c(4).
204
Let m(f) = -27*f**2 - 45*f + 146. What is m(3)?
-232
Let c(s) = 4*s**3 + 60*s**2 + 64*s + 882. Calculate c(-15).
-78
Let u(l) = l**2 - 59*l - 5304. What is u(-49)?
-12
Let x(p) = 42*p + 1030. Give x(-24).
22
Let z(i) = -16*i**2 + 847*i + 6715. Give z(-7).
2
Let o(p) = -29*p - 650. What is o(-22)?
-12
Let k(b) = -2*b**3 - 43*b**2 - 17*b + 41. What is k(-21)?
-43
Let s(z) = -16*z + 460. Give s(38).
-148
Let l(f) = 869*f + 12160. What is l(-14)?
-6
Let x(b) = -793*b + 15903. Give x(20).
43
Let j(x) = 2*x**3 + 67*x**2 - 30*x + 92. Determine j(-34).
-44
Let s(k) = -k**2 - 323*k + 2302. Determine s(7).
-8
Let z(u) = 4448*u + 35582. Give z(-8).
-2
Let s(l) = -31*l**2 - 480*l + 256. What is s(-16)?
0
Let m(j) = -13*j**2 + 139*j + 39. What is m(11)?
-5
Let p(z) = -z**2 + 155*z + 2771. Calculate p(-16).
35
Let o(y) =